 g*p + 38. What is the remainder when 94 is divided by k?
6
Let p = -37 - -47. Suppose 7*w - p*w + 15 = 0. What is the remainder when 71 is divided by 30/12*(w + 1)?
11
Suppose 2*u = 3*u - 44. Let x = 67 - u. What is the remainder when (-27)/((-1)/20*6) is divided by x?
21
Suppose 0 - 1 = g. Let u be 2*g - (-1 + -3). Suppose -u*l = -5*l + 81. Calculate the remainder when l is divided by 10.
7
Suppose -3*d = -8*d + 60. Let x = -8 + d. Suppose -104 = -x*q - 8. What is the remainder when 70 is divided by q?
22
Suppose 3*g - 160 = -2*g + w, -2*g + 87 = -5*w. What is the remainder when g is divided by 14 + ((-29)/9 - (-20)/90)?
9
Suppose 0*n + 5*n = 75. Suppose 0 = 4*c - 3*c - n. Let k = -19 - -48. Calculate the remainder when k is divided by c.
14
Suppose 3*p - 797 - 64 = 0. Calculate the remainder when p is divided by 18.
17
Let d(w) = w**3 + 12*w**2 - w - 11. Suppose 0 = 2*g + g + 36. Calculate the remainder when 3 is divided by d(g).
0
Let r(v) = v**3 + 6*v**2 - 13*v - 14. Let h be r(-8). Let c = h + 72. What is the remainder when c is divided by 4?
2
Let k = -62 + 101. Suppose k = 4*a - f, -3*a + f = -2*f - 36. Suppose -a = 4*c - 25. What is the remainder when 9 is divided by c?
1
What is the remainder when (3/(-5))/(36/(-53880)) is divided by 18?
16
Let h be 11 - (3 - 5 - -1). Suppose -h = -4*i - 0. What is the remainder when 8 is divided by i?
2
Let t = -5 + 14. Let h(m) = m**2 - 3*m - 9. What is the remainder when h(t) is divided by 16?
13
Suppose 9*g - 53 = 271. Let o be (-4)/(((-18)/15)/3). Suppose o = 2*l, 2*q - 5 - 5 = 2*l. What is the remainder when g is divided by q?
6
Let l = 167 - 95. What is the remainder when 503 is divided by l?
71
Let w be 6/(-21)*(-28)/2. Suppose 2*d - 54 = -w*d. Let r(q) = 4*q - 4. Calculate the remainder when r(7) is divided by d.
6
Let i = -5 + 7. Suppose -n - 6 = -3*v, 2*v - 6 + i = 0. Suppose -f = -n*f - 5. What is the remainder when 18 is divided by f?
3
Let b = 1349 - 720. Calculate the remainder when b is divided by 79.
76
Suppose -d - 8 = -20. Let f = -15 + 30. Suppose -3*l = -n + f + 15, -l + 39 = 2*n. Calculate the remainder when n is divided by d.
9
Calculate the remainder when 72 is divided by 212/6 + 2 + 23/(-69).
35
Let u = -1 + 4. Let s = 17 - 18. Let o = 2 - s. Calculate the remainder when o is divided by u.
0
Let b be 1/(18/57) + 2/(-12). Suppose -2*a - b*s - 18 = -5*a, -3*a + 5*s = -12. What is the remainder when 51 is divided by a?
6
Let g = 136 + -144. Calculate the remainder when (444/8)/3 + (-4)/g is divided by 6.
1
Suppose 0 = -m - 4*h - 10, -5*h = 5*m - 2*m + 65. Let j = -29 - m. Let f = 2 - 1. Calculate the remainder when f is divided by j.
0
Let s(h) = 14*h + 2. Let o be s(-3). Let t = -56 - o. Let d = t - -21. Calculate the remainder when d is divided by 2.
1
Suppose 2*l - 98 - 16 = 0. Suppose -18 + l = 4*q + u, 2*q - 17 = -3*u. What is the remainder when 46 is divided by q?
6
Suppose 4*l + 224 = -0*f + 3*f, 335 = 5*f + l. Calculate the remainder when 1086 is divided by f.
66
Suppose -65*k = -62*k - 4*w - 137, -4*w + 271 = 5*k. Calculate the remainder when 219 is divided by k.
15
Suppose 0 = 5*u + 4*i - 658, 3*u - 4*i + 0*i - 414 = 0. Calculate the remainder when u is divided by 45.
44
Let w = -95 + 103. What is the remainder when 36 is divided by w?
4
Suppose 5*s = -0*s + 50. Suppose -s = 5*c, -2*j + c + 38 = j. Let p(i) = -i**3 + 7*i**2 + i. Calculate the remainder when j is divided by p(7).
5
Let w(y) = -y**3 + 10*y**2 - 16*y + 45. What is the remainder when w(6) is divided by 50?
43
Let g = 19 + -119. Let k = -16 - g. What is the remainder when 31 is divided by ((-4)/6)/((-8)/k)?
3
Let v = -26 + -14. Let n = 49 + v. Let p = -2 - -28. Calculate the remainder when p is divided by n.
8
Let f(j) = j**3 + j**2 + j + 31. Let v be f(0). Let h = 1 + v. What is the remainder when h is divided by 25?
7
Let t be 1/(-1 - (-5)/4). Suppose t = 2*j + 2*y, -j - 2*y - 2*y - 4 = 0. What is the remainder when 14 + (1 + 1)*(-5)/10 is divided by j?
1
Suppose 0 = -9*x - 12*x - 3192. What is the remainder when (x/10)/((-70)/175) is divided by 15?
8
Let c(t) = t**2 + 10*t + 3. Let v be c(-10). Suppose v*g - 22 = g. What is the remainder when 41 is divided by -3*(2 + -3) + g?
13
Let t = 115 - 96. What is the remainder when t is divided by 11?
8
Let z be 4 + 1/(-3)*-3. Let x(h) = h**3 - 5*h**2 + 2*h - 5. What is the remainder when x(z) is divided by 2?
1
Suppose 0 = 5*a + 40 - 5. Let q(y) be the first derivative of 2*y**3/3 + 7*y**2 + 6*y - 4. What is the remainder when 12 is divided by q(a)?
0
Let a be 21 + 2 - (-2)/((-12)/18). Suppose -78 = -u - a. What is the remainder when u is divided by 18?
4
Let i(x) = 7*x**2 - 19*x - 67. Calculate the remainder when i(-6) is divided by (-1)/(4/(-6))*8.
11
Let l(g) = -g**2 - 14*g + 15. Let i be l(-14). Let z = 26 - i. Calculate the remainder when z is divided by 2.
1
Let f = -230 + 259. Calculate the remainder when 108 is divided by f.
21
Let w = 15 - 3. Let q be (-4*2)/(w + -11). Let t = 11 + q. What is the remainder when 9 is divided by t?
0
Suppose 640 = 5*r - 0*r. Let s(u) = -3*u**2 + 6*u. Let z be s(6). Let g = z + r. What is the remainder when g is divided by 19?
18
Let z(b) = -b**3 - b**2 - b + 2. Let a be z(0). Let t be (3 - (-2 + 7)) + a. Suppose 2*q - 2 - 8 = t. What is the remainder when 13 is divided by q?
3
Suppose -i - 47 + 57 = 0. Suppose -3*o = -4*u - 18, -u + 2 = -2*o - 3*u. Suppose -o*p + i = 4. What is the remainder when p is divided by 3?
0
Suppose -3704 - 2030 = -47*b. What is the remainder when b is divided by 31?
29
Let h = 118 - 82. Suppose 0 = -3*y + 3*a + 27 + h, -y - 2*a + 18 = 0. Calculate the remainder when y is divided by 5.
0
Let h(p) = p**3 + 9*p**2 - 4*p - 27. Let m be h(-9). Let o be (4 - -1)*2/(-2). Let b = o + m. What is the remainder when b is divided by 2?
0
Suppose 2*h + 2*w + 142 = 0, 2*h = 6*h + 5*w + 279. Let u = h - -102. Calculate the remainder when 75 is divided by u.
23
Suppose -13*r = -1414 + 335. Calculate the remainder when 219 is divided by r.
53
Suppose 27*c - 263 - 277 = 0. What is the remainder when c is divided by 17?
3
What is the remainder when 411 is divided by 60 + (-5 - 0) + 4?
57
Let j = 84 - 41. Let f(m) = 6*m - 14. Suppose 5*g = 4*g + 6. Calculate the remainder when j is divided by f(g).
21
Let y(m) = -7 - 1 + 4 + 0 + 2*m. What is the remainder when y(16) is divided by 15?
13
Suppose -3*f - 705 = -3*s, -3*f = 2*s - 370 - 105. What is the remainder when s is divided by 41?
31
Let c(o) = 4*o**2 - 3*o - 2. Calculate the remainder when c(-2) is divided by ((-1015)/(-28) - 26) + (-9)/4.
4
Suppose 0 = 10*b + 299 - 4509. What is the remainder when b is divided by 47?
45
What is the remainder when 546 is divided by (6/4)/((-12)/(-880))?
106
Let d be ((-2)/(-8))/((-7)/(-56)). Suppose -d*g - 95 = 19. Let r = 96 + g. Calculate the remainder when r is divided by 8.
7
Let i(c) = 5*c**2 + 7*c - 1. Suppose -11*w = -0*w - 77. What is the remainder when i(-3) is divided by w?
2
Let l = -504 + 530. What is the remainder when 308 is divided by l?
22
Suppose -h + 6 = -4*s + 15, -h - 3*s + 5 = 0. Calculate the remainder when 27 is divided by (-2 + h)*(-15)/3.
12
Suppose 33*r - 28*r - 268 = 2*w, -248 = -5*r - 3*w. Calculate the remainder when 55 is divided by r.
3
Suppose 0 = -5*o - 4*f + 82, -2*o = -62*f + 59*f - 42. Suppose -5*p + 60 = 5*d, 15 + 17 = 3*d - p. Calculate the remainder when o is divided by d.
7
Let u = -327 + 338. What is the remainder when u is divided by 7?
4
Let b = 105 - 12. Let p = b - 39. Calculate the remainder when p is divided by (126/45)/((-1)/(-5)).
12
Suppose 421 = 2*q - 75. Suppose 0 = 12*v + q - 860. Calculate the remainder when v is divided by 13.
12
Let l(y) = y**3 + y**2 + y + 53. Calculate the remainder when 262 is divided by l(0).
50
Suppose 5*v - 31 = -3*i, v + 4*i = -0*v - 4. Suppose -4*j + 53 - 243 = l, -918 = 5*l + 4*j. Calculate the remainder when 1/(-3 + l/(-60)) is divided by v.
6
Let o(v) = 3*v**3 + v**2 - v + 2. Let j be o(2). Suppose -j + 178 = 3*u. Suppose 2*n - u = -4. What is the remainder when n is divided by 13?
10
Let a = -6 - 2. Let c = a + 12. Suppose 2*w = -c*w + 378. What is the remainder when w is divided by 13?
11
Let x = 365 - 354. What is the remainder when 17 is